 30. Is r composite?
False
Let p = -9 - -3. Let u be (1 - (-4 - -48)) + 1. Is (-7)/u + (-233)/p composite?
True
Let x(c) = -4*c + 2. Let k(j) = -j**3 - 4*j**2 + 6*j - 1. Suppose -6*o = -o + 25. Let i be k(o). Is x(i) prime?
False
Let c = -4 - -4. Suppose 3*z - z - 30 = c. Is z composite?
True
Suppose h - 880 = -4*t - 3*h, -3*t + 3*h + 678 = 0. Is t prime?
True
Is (1/((-9)/6))/(10/(-8385)) a prime number?
False
Let p(j) = -j**3 - 5*j - 2. Let v be p(-3). Let o = v - 9. Is o prime?
True
Let s be (-1)/5 + (-2288)/(-40). Suppose -4*x + s = -75. Is x a prime number?
False
Let r = -33 - -114. Let p = r - 48. Is p composite?
True
Let x = -472 - -709. Is x a prime number?
False
Suppose -3*n + 15 + 3 = 5*w, 15 = 5*w. Is (-932)/(-6) + n/(-3) prime?
False
Suppose -4 - 8 = -3*x. Suppose 0 = -f - f + 530. Suppose l = -x*l + f. Is l composite?
False
Let i = 71 + 134. Suppose 5*t - 258 = -3*l, 3*t = 7*t + l - i. Is t composite?
True
Let u be 3 + (-313 - 1) - 3. Let h = u - -579. Is h prime?
False
Is 1125/6 + 1/(-2) composite?
True
Let b = 355 + -236. Is b a prime number?
False
Let t(b) = -b**2 + 8*b + 4. Let d be t(8). Suppose -f = 2*f - 4*m - 23, 0 = 3*f + d*m + 17. Is f + 0 + 33 + 3 composite?
False
Suppose 3*g - 3*f - 603 - 558 = 0, 1165 = 3*g - 2*f. Is g prime?
False
Suppose 130 - 7 = -3*f. Let w = f + 186. Is w a composite number?
True
Let f(b) = b + 6. Let p be f(-4). Suppose p*m + c = 2, -m + c = -4*c - 12. Suppose m*r = 158 - 56. Is r a prime number?
False
Is 4*((-2516)/16)/(-1) prime?
False
Is (-2539)/(-4) + ((-63)/(-28) - 2) prime?
False
Suppose 9*u + 6073 = 14*u + 4*s, -2*s = 2*u - 2430. Is u a prime number?
True
Let c(v) = 73 + 138*v**2 - 151 + 79. Let d(a) = -a**2 + a + 2. Let r be d(0). Is c(r) prime?
False
Let w(z) = -51*z + 4. Let m be w(4). Let s = m - -291. Is s a prime number?
False
Suppose -4*i = -5*s - 12, 4*s + i - 4 = -1. Suppose 5*f - f - 16 = s. Suppose 68 = 2*u + 2*g, -2*u + 4*g - 66 = -f*u. Is u a composite number?
True
Suppose 5*x = -a - 79, 76 = -4*x - 4*a - 0*a. Let y be (20/6)/((-10)/x). Suppose f = s - 6, -5*s - y*f = -74 - 6. Is s a prime number?
True
Let z(d) = -d**2 - 4*d - 5. Let u be z(-5). Suppose 2*s + 4*k = 48, s + 16 = -k + 36. Let c = s + u. Is c a prime number?
False
Let r(w) = -w**3 - 2*w**2 + 6*w - 5. Let f = 15 + -21. Let q be r(f). Suppose q = 5*b - 82. Is b a prime number?
True
Suppose -32 = -3*a + 133. Is a composite?
True
Is (954 - 1)*(-7)/(-7) a composite number?
False
Let k(v) = 8*v. Let l be k(2). Suppose 9*r - 2*r = 3612. Is r/l - (-6)/8 a composite number?
True
Let a = 2 + -2. Suppose 3*b + 15 - 48 = a. Suppose -v + 109 = 4*l, -4*v - b = -31. Is l a prime number?
False
Is (9/(-6) - -2)/(3/6222) prime?
False
Suppose 2*f = 4*j + 78, 0*f = 3*f - j - 127. Suppose -3*v - a + 215 = 58, 5*a - f = -v. Is v a composite number?
False
Let h = 15 + -10. Suppose -h*a + a + 484 = 0. Is a a prime number?
False
Let s(x) = 135*x - 6 + 1 + 2. Is s(2) composite?
True
Let j = 0 - -4. Suppose 24 = -j*v - 0*v. Let h(f) = -f**3 - 6*f**2 - 3*f + 1. Is h(v) a composite number?
False
Is (-140)/(-30) - 4/6 prime?
False
Suppose -1466 = -3*s - 473. Is s a prime number?
True
Suppose 3*v - 564 = 135. Is v composite?
False
Let n be 2/(1/(15/6)). Suppose 0 = -2*g + r + 14, -3*g + 40 = -n*r + 12. Suppose -b + 43 - g = 0. Is b prime?
True
Let g = -63 - -98. Is g composite?
True
Suppose 45 = -5*u + v - 1029, -2*u - 426 = -4*v. Is (-6)/(-21) - u/7 prime?
True
Let v(j) = 56*j**3 + j**2 - 8*j + 13. Is v(4) a composite number?
False
Suppose -4*i = -5*m + 295, i = -4*m - 35 + 271. Is m a prime number?
True
Let p(t) be the third derivative of -1/60*t**5 + 0 + 0*t**4 + 0*t - t**2 + 149/6*t**3. Is p(0) a prime number?
True
Let f(a) = 8*a**2 + 11*a - 5. Let w be f(-8). Suppose 139 = 2*y - w. Suppose -3*o - 5*i + 669 = 0, o + 5*i - y = -56. Is o a prime number?
True
Suppose m + 4*m = 170. Is m a composite number?
True
Is -3*(-10)/6*47 prime?
False
Suppose 2*b - 1464 = 1058. Is b a composite number?
True
Let n(s) = 213*s**2 + 9*s - 17. Is n(4) a composite number?
True
Let f be 1/(-2) + 5/(-2). Is (-111)/2*2/f prime?
True
Let i(q) = -11*q - 2. Let k be i(-3). Let v = k - 85. Let a = 76 + v. Is a prime?
False
Let q(j) = j + 2. Let l be q(-1). Is (l + 1)*(-15)/(-2) prime?
False
Let m be (117 - 0) + (-1)/(-1). Let r = m - 41. Is r a prime number?
False
Let a = 94 - 133. Let n be (-8)/(((-21)/(-6))/7). Let u = n - a. Is u a composite number?
False
Suppose -2*n + 579 = -151. Is n composite?
True
Let u(v) be the second derivative of 5*v**4/12 - 3*v**3/2 + 9*v**2/2 - 3*v. Is u(7) composite?
False
Let h(n) = n**3 + n**2 + n - 1. Let z be h(0). Let f(j) = -114*j**3 + 2*j**2 + j. Is f(z) composite?
True
Suppose 0 = 5*q - 1543 - 2157. Suppose 5*j + 4*s = -q, -j - 90 - 58 = -2*s. Is j/12*1*-3 a composite number?
False
Let x(v) = 9*v**3 - 3*v**2 + 3*v - 2. Is x(3) a composite number?
False
Suppose 3*q = -3, -t + q - 2 = -1. Let x(b) = 3*b**2 + 7*b - 1. Let v(c) = 4*c**2 + 6*c - 1. Let r(d) = 6*v(d) - 5*x(d). Is r(t) prime?
False
Let u(h) = h**2 + 8*h + 9. Let t be u(-6). Is 70/(-15)*t/2 a composite number?
False
Let m be 0*2/(-6)*3. Suppose m = 2*y - 5*y - 2*a + 151, -a = -y + 42. Is y a prime number?
True
Let v(b) = 98*b - 77. Is v(23) composite?
True
Let s = 654 + -245. Is s composite?
False
Let w be 8/8 - (-1 - 1). Is (17/(-2))/(w/(-30)) a composite number?
True
Let h = 1 + -9. Let p = 12 + h. Suppose 7*x - p*x = 117. Is x composite?
True
Suppose -t + n = -218, -3*t = -3*n - n - 649. Is t a composite number?
False
Let r be (1 + 1)/((-8)/(-12)). Suppose o - r = 1. Suppose -5*m - 5*k + 565 = 0, -o*m + 182 = 5*k - 268. Is m prime?
False
Let u(c) = -166*c + 1. Let d be u(-4). Let l = -372 + d. Is l a composite number?
False
Let z(l) be the first derivative of -l**2/2 + 27*l + 1. Let x be z(0). Suppose -4*a + 1 = -x. Is a a composite number?
False
Suppose -4*x + 0 = -8. Suppose -x*p = 3*p - 1295. Is p prime?
False
Suppose 4*x - 3*x + 2*k - 125 = 0, 0 = 2*k + 6. Is x prime?
True
Let r = -4764 + 6673. Is r a composite number?
True
Suppose 6 + 2 = 4*j, 0 = -5*y - 2*j + 4. Let p(t) = t**2 - t + 88. Let l be p(y). Suppose 5*o + 23 = l. Is o composite?
False
Let y(o) = 7*o - 10. Let m be y(4). Suppose 2*f - 92 - 96 = -2*u, 0 = -4*u - 2*f + 382. Let x = u - m. Is x prime?
True
Let u(q) = 5*q + 1543. Is u(0) composite?
False
Suppose 4*f = -5*j + 483, -f = -5*j - 157 + 5. Is f composite?
False
Suppose -4*h = -9*h + 2*w + 159, 0 = -h + 3*w + 24. Is h a composite number?
True
Let q(n) = 90*n - 1. Let k be q(2). Suppose 9*u - 300 = 12*u. Let s = u + k. Is s a composite number?
False
Suppose 17 = u - 1. Suppose -2 - 5 = -4*o - 5*j, 3*o - 4*j + u = 0. Is 35 - (o - 2*-1) a prime number?
False
Suppose -3*h - 159 = -6*h + 3*m, -2*m = 4*h - 212. Is h a composite number?
False
Let u = 10 - 8. Suppose -u*z = 3*z - 175. Is z prime?
False
Let v be (-1)/(-3) + (-2)/6. Let q be 24/(-1) - (v + 0). Let x = -17 - q. Is x a prime number?
True
Let b(q) = -23*q**3 + 2*q**2 + 2*q + 5. Let c be b(-3). Suppose 2*t + 172 = c. Is t composite?
False
Let a = -53 + 23. Is (-36)/a*(-70)/(-4) composite?
True
Suppose l = -0*o - 2*o + 3, -l = 3*o - 3. Let t = l - 3. Suppose -4*y = -4*v - 904, 3*y + 0*v + 2*v - 663 = t. Is y a composite number?
False
Let h be 440/3 + (-1)/(-3). Let t be 8 - ((-9)/(-3) - 0). Suppose 0 = -4*x - 3*z + 125 + 5, t*x = 4*z + h. Is x a prime number?
True
Suppose -8*n + 3*n = -70. Suppose 3*a + 2*w + 4 = 0, 4*a - 5*w + n = 47. Suppose 2*i + a*i = 188. Is i a composite number?
False
Suppose 6*c = 4*c + 64. Let b = c - 23. Is 6/b*63/2 a composite number?
True
Let d be (18/12)/((-3)/8). Let q(z) = -2*z**3 - 6*z**2 - 7*z - 5. Is q(d) composite?
True
Let j be 4/(-18)*-3*-3. Let i(c) = -14*c**3 + 2*c**2 + c + 1. Is i(j) a prime number?
False
Suppose 3*t - 6*t = -9. Suppose d - 114 = 4*n, 0*n = t*n + 15. Is d composite?
True
Let d(j) = j**2 - 5*j - 6. Let r be d(8). Suppose -r = -2*w + 8. Is w a prime number?
True
Let r(z) = -5*z**3 - 6*z - 5. Is r(-4) a composite number?
True
Suppose 0 = -5*s + 5*w - 4*w - 2090, -2*w = -2*s - 836. Let t = s - -609. Is t prime?
True
Let p be (7 - -1)/(2/59). Is ((-1)/4)/((-1)/p) a prime number?
True
Let u(j) = -j**2 - 6*j + 5. Let a = 8 + -14. Let b b